{"id":1818,"date":"2020-08-24T02:50:56","date_gmt":"2020-08-24T02:50:56","guid":{"rendered":"https:\/\/tria.com.mx\/?page_id=1818"},"modified":"2022-10-15T00:48:13","modified_gmt":"2022-10-15T00:48:13","slug":"projects","status":"publish","type":"page","link":"https:\/\/tria.com.mx\/?page_id=1818","title":{"rendered":"Proyectos"},"content":{"rendered":"\n<div class=\"wp-block-cover alignfull\" style=\"min-height:470px;aspect-ratio:unset;\"><span aria-hidden=\"true\" class=\"wp-block-cover__background has-ast-global-color-2-background-color has-background-dim\"><\/span><img loading=\"lazy\" decoding=\"async\" width=\"1920\" height=\"904\" class=\"wp-block-cover__image-background wp-image-26968\" alt=\"\" src=\"http:\/\/tria.com.mx\/wp-content\/uploads\/2022\/04\/Proyectos_TRIA2.jpg\" style=\"object-position:52% 48%\" data-object-fit=\"cover\" data-object-position=\"52% 48%\" srcset=\"https:\/\/tria.com.mx\/wp-content\/uploads\/2022\/04\/Proyectos_TRIA2.jpg 1920w, https:\/\/tria.com.mx\/wp-content\/uploads\/2022\/04\/Proyectos_TRIA2-300x141.jpg 300w, https:\/\/tria.com.mx\/wp-content\/uploads\/2022\/04\/Proyectos_TRIA2-1024x482.jpg 1024w, https:\/\/tria.com.mx\/wp-content\/uploads\/2022\/04\/Proyectos_TRIA2-768x362.jpg 768w, https:\/\/tria.com.mx\/wp-content\/uploads\/2022\/04\/Proyectos_TRIA2-1536x723.jpg 1536w\" sizes=\"auto, (max-width: 1920px) 100vw, 1920px\" \/><div class=\"wp-block-cover__inner-container is-layout-flow wp-block-cover-is-layout-flow\">\n<h1 class=\"has-text-color wp-block-heading\" style=\"color:#ffffff\">PROYECTOS<\/h1>\n<\/div><\/div>\n\n\n\n<div class=\"wp-block-group alignfull has-ast-global-color-5-background-color has-background is-layout-flow wp-block-group-is-layout-flow\"><div class=\"wp-block-group__inner-container\">\n<h2 class=\"wp-block-heading\">Algunos de nuestros proyectos<\/h2>\n\n\n\n<p><\/p>\n\n\n\n<div class=\"wp-block-columns has-ast-global-color-5-color has-text-color is-layout-flex wp-container-core-columns-is-layout-9d6595d7 wp-block-columns-is-layout-flex\">\n<div class=\"wp-block-column is-layout-flow wp-block-column-is-layout-flow\">\n<figure class=\"wp-block-pullquote has-border-color has-text-color\" style=\"border-color:#d3065b;border-radius:10px;border-style:dotted;color:#6e8ec9;font-size:10px\"><blockquote><p><em><strong><em><strong>Actualizaci\u00f3n y transformaci\u00f3n tecnol\u00f3gica de plataformas administrativas centralizadas para Cadenas Hoteleras.<\/strong><\/em><\/strong><\/em><\/p><\/blockquote><\/figure>\n<\/div>\n\n\n\n<div class=\"wp-block-column has-text-color is-layout-flow wp-block-column-is-layout-flow\" style=\"color:#6e8ec9\">\n<div class=\"wp-block-columns is-layout-flex wp-container-core-columns-is-layout-9d6595d7 wp-block-columns-is-layout-flex\">\n<div class=\"wp-block-column is-layout-flow wp-block-column-is-layout-flow\"><\/div>\n<\/div>\n\n\n\n<div class=\"wp-block-columns is-layout-flex wp-container-core-columns-is-layout-9d6595d7 wp-block-columns-is-layout-flex\"><\/div>\n\n\n\n<div class=\"wp-block-columns is-layout-flex wp-container-core-columns-is-layout-9d6595d7 wp-block-columns-is-layout-flex\"><\/div>\n\n\n\n<figure class=\"wp-block-pullquote has-border-color has-text-color\" style=\"border-color:#a6d8dd;border-radius:10px;border-style:dotted;color:#40506f;font-size:10px\"><blockquote><p><em><strong>Protecci\u00f3n de activos de informaci\u00f3n aplicando controles de seguridad &#8220;Hardening&#8221; indispensables para cumplir con certificaciones empresariales.<\/strong><\/em><\/p><\/blockquote><\/figure>\n<\/div>\n<\/div>\n\n\n\n<div class=\"wp-block-columns has-ast-global-color-5-color has-text-color is-layout-flex wp-container-core-columns-is-layout-9d6595d7 wp-block-columns-is-layout-flex\">\n<div class=\"wp-block-column is-layout-flow wp-block-column-is-layout-flow\">\n<figure class=\"wp-block-pullquote has-border-color has-ast-global-color-1-color has-text-color\" style=\"border-color:#3a59a4;border-radius:10px;border-style:dotted;font-size:10px\"><blockquote><p><em><strong><em><strong>Implementaci\u00f3n y automatizaci\u00f3n de Sistemas de Gesti\u00f3n de Almac\u00e9n (WMS) e Impresi\u00f3n de etiquetas, para empresas de consumo masivo y financieros (Banca).<\/strong><\/em><\/strong><\/em><\/p><\/blockquote><\/figure>\n<\/div>\n\n\n\n<div class=\"wp-block-column has-text-color is-layout-flow wp-block-column-is-layout-flow\" style=\"color:#6e8ec9\">\n<div class=\"wp-block-columns is-layout-flex wp-container-core-columns-is-layout-9d6595d7 wp-block-columns-is-layout-flex\"><\/div>\n\n\n\n<div class=\"wp-block-columns is-layout-flex wp-container-core-columns-is-layout-9d6595d7 wp-block-columns-is-layout-flex\"><\/div>\n\n\n\n<div class=\"wp-block-columns is-layout-flex wp-container-core-columns-is-layout-9d6595d7 wp-block-columns-is-layout-flex\"><\/div>\n\n\n\n<figure class=\"wp-block-pullquote has-border-color has-text-color\" style=\"border-color:#d3065b;border-radius:10px;border-style:dotted;color:#6e8ec9;font-size:10px\"><blockquote><p><em><strong>Dise\u00f1o, Arquitectura y Planeaci\u00f3n de migraci\u00f3n de aplicaciones empresariales a plataformas Cloud, para empresas de consumo masivo.<\/strong><\/em><\/p><\/blockquote><\/figure>\n<\/div>\n<\/div>\n\n\n\n<div class=\"wp-block-columns has-ast-global-color-5-color has-text-color is-layout-flex wp-container-core-columns-is-layout-9d6595d7 wp-block-columns-is-layout-flex\">\n<div class=\"wp-block-column is-layout-flow wp-block-column-is-layout-flow\">\n<figure class=\"wp-block-pullquote has-border-color has-text-color\" style=\"border-color:#a6d8dd;border-radius:10px;border-style:dotted;color:#40506f;font-size:10px\"><blockquote><p><em><strong><em><strong>Actualizaci\u00f3n de plataforma de Gesti\u00f3n de Dispositivos M\u00f3viles (MDM) y despliegue de +3,000 dispositivos de Front-line y Picking de almac\u00e9n, para empresas de consumo masivo.<\/strong><\/em><\/strong><\/em><\/p><\/blockquote><\/figure>\n<\/div>\n\n\n\n<div class=\"wp-block-column has-text-color is-layout-flow wp-block-column-is-layout-flow\" style=\"color:#6e8ec9\">\n<div class=\"wp-block-columns is-layout-flex wp-container-core-columns-is-layout-9d6595d7 wp-block-columns-is-layout-flex\"><\/div>\n\n\n\n<div class=\"wp-block-columns is-layout-flex wp-container-core-columns-is-layout-9d6595d7 wp-block-columns-is-layout-flex\"><\/div>\n\n\n\n<div class=\"wp-block-columns is-layout-flex wp-container-core-columns-is-layout-9d6595d7 wp-block-columns-is-layout-flex\"><\/div>\n\n\n\n<figure class=\"wp-block-pullquote has-border-color has-ast-global-color-1-color has-text-color\" style=\"border-color:#3a59a4;border-radius:10px;border-style:dotted;font-size:10px\"><blockquote><p><em><strong>Optimizaci\u00f3n y mejoras de procesos administrativos haciendo uso de la automatizaci\u00f3n, para empresas de Retail.<\/strong><\/em><\/p><\/blockquote><\/figure>\n<\/div>\n<\/div>\n<\/div><\/div>\n\n\n\n<div class=\"wp-block-group alignfull has-ast-global-color-5-background-color has-background is-layout-flow wp-block-group-is-layout-flow\"><div class=\"wp-block-group__inner-container\">\n<h2 class=\"wp-block-heading\">Principales Clientes <\/h2>\n\n\n\n<div class=\"wp-block-columns is-layout-flex wp-container-core-columns-is-layout-9d6595d7 wp-block-columns-is-layout-flex\">\n<div class=\"wp-block-column is-layout-flow wp-block-column-is-layout-flow\"><\/div>\n<\/div>\n\n\n\n<div class=\"wp-block-columns is-layout-flex wp-container-core-columns-is-layout-9d6595d7 wp-block-columns-is-layout-flex\">\n<div class=\"wp-block-column is-layout-flow wp-block-column-is-layout-flow\">\n<figure class=\"wp-block-image aligncenter size-full\"><img loading=\"lazy\" decoding=\"async\" width=\"750\" height=\"450\" src=\"https:\/\/tria.com.mx\/wp-content\/uploads\/2022\/04\/sky2.png\" alt=\"\" class=\"wp-image-26918\" srcset=\"https:\/\/tria.com.mx\/wp-content\/uploads\/2022\/04\/sky2.png 750w, https:\/\/tria.com.mx\/wp-content\/uploads\/2022\/04\/sky2-300x180.png 300w\" sizes=\"auto, (max-width: 750px) 100vw, 750px\" \/><\/figure>\n<\/div>\n\n\n\n<div class=\"wp-block-column is-layout-flow wp-block-column-is-layout-flow\">\n<figure class=\"wp-block-image aligncenter size-full\"><img loading=\"lazy\" decoding=\"async\" width=\"750\" height=\"450\" src=\"https:\/\/tria.com.mx\/wp-content\/uploads\/2022\/04\/teacorp1.png\" alt=\"\" class=\"wp-image-26920\" srcset=\"https:\/\/tria.com.mx\/wp-content\/uploads\/2022\/04\/teacorp1.png 750w, https:\/\/tria.com.mx\/wp-content\/uploads\/2022\/04\/teacorp1-300x180.png 300w\" sizes=\"auto, (max-width: 750px) 100vw, 750px\" \/><\/figure>\n<\/div>\n<\/div>\n\n\n\n<div class=\"wp-block-columns is-layout-flex wp-container-core-columns-is-layout-9d6595d7 wp-block-columns-is-layout-flex\">\n<div class=\"wp-block-column is-layout-flow wp-block-column-is-layout-flow\">\n<figure class=\"wp-block-image aligncenter size-full\"><img loading=\"lazy\" decoding=\"async\" width=\"750\" height=\"450\" src=\"http:\/\/tria.com.mx\/wp-content\/uploads\/2022\/04\/hp2.png\" alt=\"\" class=\"wp-image-26925\" srcset=\"https:\/\/tria.com.mx\/wp-content\/uploads\/2022\/04\/hp2.png 750w, https:\/\/tria.com.mx\/wp-content\/uploads\/2022\/04\/hp2-300x180.png 300w\" sizes=\"auto, (max-width: 750px) 100vw, 750px\" \/><\/figure>\n<\/div>\n\n\n\n<div class=\"wp-block-column is-layout-flow wp-block-column-is-layout-flow\">\n<figure class=\"wp-block-image aligncenter size-full\"><img loading=\"lazy\" decoding=\"async\" width=\"750\" height=\"450\" src=\"https:\/\/tria.com.mx\/wp-content\/uploads\/2022\/04\/Abitzac2.png\" alt=\"\" class=\"wp-image-26929\" srcset=\"https:\/\/tria.com.mx\/wp-content\/uploads\/2022\/04\/Abitzac2.png 750w, https:\/\/tria.com.mx\/wp-content\/uploads\/2022\/04\/Abitzac2-300x180.png 300w\" sizes=\"auto, (max-width: 750px) 100vw, 750px\" \/><\/figure>\n<\/div>\n\n\n\n<div class=\"wp-block-column is-layout-flow wp-block-column-is-layout-flow\">\n<figure class=\"wp-block-image aligncenter size-full\"><img loading=\"lazy\" decoding=\"async\" width=\"750\" height=\"450\" src=\"https:\/\/tria.com.mx\/wp-content\/uploads\/2022\/04\/telcel1.png\" alt=\"\" class=\"wp-image-26931\" srcset=\"https:\/\/tria.com.mx\/wp-content\/uploads\/2022\/04\/telcel1.png 750w, https:\/\/tria.com.mx\/wp-content\/uploads\/2022\/04\/telcel1-300x180.png 300w\" sizes=\"auto, (max-width: 750px) 100vw, 750px\" \/><\/figure>\n<\/div>\n<\/div>\n<\/div><\/div>\n\n\n\n<div class=\"wp-block-cover alignfull is-light has-parallax\" style=\"background-image:url(http:\/\/tria.com.mx\/wp-content\/uploads\/2022\/03\/Fondo12.jpg);min-height:300px;aspect-ratio:unset;\"><span aria-hidden=\"true\" class=\"wp-block-cover__background has-ast-global-color-6-background-color has-background-dim\"><\/span><div class=\"wp-block-cover__inner-container is-layout-flow wp-block-cover-is-layout-flow\">\n<h2 class=\"has-text-align-center has-text-color wp-block-heading\" style=\"color:#ffffff\">Conozca nuestros servicios<\/h2>\n\n\n\n<div class=\"wp-block-buttons is-horizontal is-content-justification-center is-layout-flex wp-container-core-buttons-is-layout-499968f5 wp-block-buttons-is-layout-flex\">\n<div class=\"wp-block-button\"><a class=\"wp-block-button__link\" href=\"https:\/\/tria.com.mx\/?page_id=1817\">Servicios<\/a><\/div>\n<\/div>\n<\/div><\/div>\n","protected":false},"excerpt":{"rendered":"<p>Algunos de nuestros proyectos Actualizaci\u00f3n y transformaci\u00f3n tecnol\u00f3gica de plataformas administrativas centralizadas para Cadenas Hoteleras. Protecci\u00f3n de activos de informaci\u00f3n aplicando controles de seguridad &#8220;Hardening&#8221; indispensables para cumplir con certificaciones empresariales. Implementaci\u00f3n y automatizaci\u00f3n de Sistemas de Gesti\u00f3n de Almac\u00e9n (WMS) e Impresi\u00f3n de etiquetas, para empresas de consumo masivo y financieros (Banca). Dise\u00f1o, Arquitectura &hellip;<\/p>\n<p class=\"read-more\"> <a class=\"\" href=\"https:\/\/tria.com.mx\/?page_id=1818\"> <span class=\"screen-reader-text\">Proyectos<\/span> Read More &raquo;<\/a><\/p>\n","protected":false},"author":1,"featured_media":0,"parent":0,"menu_order":0,"comment_status":"closed","ping_status":"closed","template":"","meta":{"om_disable_all_campaigns":false,"_monsterinsights_skip_tracking":false,"_monsterinsights_sitenote_active":false,"_monsterinsights_sitenote_note":"","_monsterinsights_sitenote_category":0,"site-sidebar-layout":"no-sidebar","site-content-layout":"plain-container","ast-main-header-display":"","ast-hfb-above-header-display":"","ast-hfb-below-header-display":"","ast-hfb-mobile-header-display":"","site-post-title":"disabled","ast-breadcrumbs-content":"","ast-featured-img":"disabled","footer-sml-layout":"","theme-transparent-header-meta":"enabled","adv-header-id-meta":"","stick-header-meta":"","header-above-stick-meta":"","header-main-stick-meta":"","header-below-stick-meta":"","footnotes":""},"class_list":["post-1818","page","type-page","status-publish","hentry"],"aioseo_notices":[],"uagb_featured_image_src":{"full":false,"thumbnail":false,"medium":false,"medium_large":false,"large":false,"1536x1536":false,"2048x2048":false},"uagb_author_info":{"display_name":"ronald.pebesm@gmail.com","author_link":"https:\/\/tria.com.mx\/?author=1"},"uagb_comment_info":0,"uagb_excerpt":"Algunos de nuestros proyectos Actualizaci\u00f3n y transformaci\u00f3n tecnol\u00f3gica de plataformas administrativas centralizadas para Cadenas Hoteleras. Protecci\u00f3n de activos de informaci\u00f3n aplicando controles de seguridad &#8220;Hardening&#8221; indispensables para cumplir con certificaciones empresariales. Implementaci\u00f3n y automatizaci\u00f3n de Sistemas de Gesti\u00f3n de Almac\u00e9n (WMS) e Impresi\u00f3n de etiquetas, para empresas de consumo masivo y financieros (Banca). Dise\u00f1o, Arquitectura&hellip;","_links":{"self":[{"href":"https:\/\/tria.com.mx\/index.php?rest_route=\/wp\/v2\/pages\/1818","targetHints":{"allow":["GET"]}}],"collection":[{"href":"https:\/\/tria.com.mx\/index.php?rest_route=\/wp\/v2\/pages"}],"about":[{"href":"https:\/\/tria.com.mx\/index.php?rest_route=\/wp\/v2\/types\/page"}],"author":[{"embeddable":true,"href":"https:\/\/tria.com.mx\/index.php?rest_route=\/wp\/v2\/users\/1"}],"replies":[{"embeddable":true,"href":"https:\/\/tria.com.mx\/index.php?rest_route=%2Fwp%2Fv2%2Fcomments&post=1818"}],"version-history":[{"count":188,"href":"https:\/\/tria.com.mx\/index.php?rest_route=\/wp\/v2\/pages\/1818\/revisions"}],"predecessor-version":[{"id":27021,"href":"https:\/\/tria.com.mx\/index.php?rest_route=\/wp\/v2\/pages\/1818\/revisions\/27021"}],"wp:attachment":[{"href":"https:\/\/tria.com.mx\/index.php?rest_route=%2Fwp%2Fv2%2Fmedia&parent=1818"}],"curies":[{"name":"wp","href":"https:\/\/api.w.org\/{rel}","templated":true}]}}