{"id":1819,"date":"2020-08-24T02:50:56","date_gmt":"2020-08-24T02:50:56","guid":{"rendered":"https:\/\/tria.com.mx\/?page_id=1819"},"modified":"2025-06-27T19:38:30","modified_gmt":"2025-06-27T19:38:30","slug":"contact-us","status":"publish","type":"page","link":"https:\/\/tria.com.mx\/?page_id=1819","title":{"rendered":"Contacto"},"content":{"rendered":"\n<div class=\"wp-block-cover alignfull\" style=\"min-height:470px;aspect-ratio:unset;\"><img loading=\"lazy\" decoding=\"async\" width=\"1920\" height=\"877\" class=\"wp-block-cover__image-background wp-image-25756\" alt=\"\" src=\"http:\/\/tria.com.mx\/wp-content\/uploads\/2022\/03\/Contacto1.jpg\" data-object-fit=\"cover\" srcset=\"https:\/\/tria.com.mx\/wp-content\/uploads\/2022\/03\/Contacto1.jpg 1920w, https:\/\/tria.com.mx\/wp-content\/uploads\/2022\/03\/Contacto1-300x137.jpg 300w, https:\/\/tria.com.mx\/wp-content\/uploads\/2022\/03\/Contacto1-1024x468.jpg 1024w, https:\/\/tria.com.mx\/wp-content\/uploads\/2022\/03\/Contacto1-768x351.jpg 768w, https:\/\/tria.com.mx\/wp-content\/uploads\/2022\/03\/Contacto1-1536x702.jpg 1536w\" sizes=\"auto, (max-width: 1920px) 100vw, 1920px\" \/><span aria-hidden=\"true\" class=\"wp-block-cover__background has-ast-global-color-2-background-color has-background-dim\"><\/span><div class=\"wp-block-cover__inner-container is-layout-flow wp-block-cover-is-layout-flow\">\n<h1 class=\"wp-block-heading has-text-color\" style=\"color:#ffffff\">CONTACTO<\/h1>\n<\/div><\/div>\n\n\n\n<div class=\"wp-block-group alignfull has-ast-global-color-5-background-color has-background is-layout-flow wp-block-group-is-layout-flow\"><div class=\"wp-block-group__inner-container\">\n<h3 class=\"wp-block-heading\">Escr\u00edbenos<\/h3>\n\n\n\n<p>Para consultas o solicitudes que requieren una respuesta m\u00e1s personalizada, intentaremos responder en las pr\u00f3ximas 48 horas.  Si prefiere puede contactarnos v\u00eda telef\u00f3nica para una atenci\u00f3n inmediata.<\/p>\n<\/div><\/div>\n\n\n\n<div class=\"wp-block-group alignfull has-ast-global-color-5-background-color has-background is-layout-flow wp-block-group-is-layout-flow\"><div class=\"wp-block-group__inner-container\">\n<div class=\"wp-block-columns is-layout-flex wp-container-core-columns-is-layout-9d6595d7 wp-block-columns-is-layout-flex\">\n<div class=\"wp-block-column is-layout-flow wp-block-column-is-layout-flow\"><div class=\"wpforms-container wpforms-block wpforms-block-16872745-fce0-4ad9-9c3d-5473aad8a59c\" id=\"wpforms-25463\"><form id=\"wpforms-form-25463\" class=\"wpforms-validate wpforms-form\" data-formid=\"25463\" method=\"post\" enctype=\"multipart\/form-data\" action=\"\/index.php?rest_route=%2Fwp%2Fv2%2Fpages%2F1819\" data-token=\"65ef310a89b97d6c07e6df372779e4e3\" data-token-time=\"1775877527\"><noscript class=\"wpforms-error-noscript\">Please enable JavaScript in your browser to complete this form.<\/noscript><div class=\"wpforms-field-container\"><div id=\"wpforms-25463-field_1-container\" class=\"wpforms-field wpforms-field-name\" data-field-id=\"1\"><label class=\"wpforms-field-label wpforms-label-hide\" for=\"wpforms-25463-field_1\">Nombre <span class=\"wpforms-required-label\">*<\/span><\/label><input type=\"text\" id=\"wpforms-25463-field_1\" class=\"wpforms-field-large wpforms-field-required\" name=\"wpforms[fields][1]\" placeholder=\"Nombre\" required><\/div><div id=\"wpforms-25463-field_2-container\" class=\"wpforms-field wpforms-field-email\" data-field-id=\"2\"><label class=\"wpforms-field-label wpforms-label-hide\" for=\"wpforms-25463-field_2\">Email <span class=\"wpforms-required-label\">*<\/span><\/label><input type=\"email\" id=\"wpforms-25463-field_2\" class=\"wpforms-field-large wpforms-field-required\" name=\"wpforms[fields][2]\" placeholder=\"Email\" spellcheck=\"false\" required><\/div><div id=\"wpforms-25463-field_3-container\" class=\"wpforms-field wpforms-field-text\" data-field-id=\"3\"><label class=\"wpforms-field-label wpforms-label-hide\" for=\"wpforms-25463-field_3\">Asunto<\/label><input type=\"text\" id=\"wpforms-25463-field_3\" class=\"wpforms-field-large\" name=\"wpforms[fields][3]\" placeholder=\"Asunto\" ><\/div><div id=\"wpforms-25463-field_4-container\" class=\"wpforms-field wpforms-field-textarea\" data-field-id=\"4\"><label class=\"wpforms-field-label wpforms-label-hide\" for=\"wpforms-25463-field_4\">Mensaje<\/label><textarea id=\"wpforms-25463-field_4\" class=\"wpforms-field-medium wpforms-limit-characters-enabled\" data-form-id=\"25463\" data-field-id=\"4\" data-text-limit=\"600\" name=\"wpforms[fields][4]\" placeholder=\"Mensaje\" maxlength=\"600\" ><\/textarea><\/div><\/div><!-- .wpforms-field-container --><div class=\"wpforms-submit-container\" ><input type=\"hidden\" name=\"wpforms[id]\" value=\"25463\"><input type=\"hidden\" name=\"page_title\" value=\"\"><input type=\"hidden\" name=\"page_url\" value=\"https:\/\/tria.com.mx\/index.php?rest_route=\/wp\/v2\/pages\/1819\"><input type=\"hidden\" name=\"url_referer\" value=\"\"><button type=\"submit\" name=\"wpforms[submit]\" id=\"wpforms-submit-25463\" class=\"wpforms-submit\" data-alt-text=\"Sending...\" data-submit-text=\"Cont\u00e1ctanos\" aria-live=\"assertive\" value=\"wpforms-submit\">Cont\u00e1ctanos<\/button><\/div><\/form><\/div>  <!-- .wpforms-container -->\n\n\n<p><\/p>\n<\/div>\n\n\n\n<div class=\"wp-block-column has-ast-global-color-4-background-color has-background is-layout-flow wp-block-column-is-layout-flow\">\n<h3 class=\"wp-block-heading\">Informaci\u00f3n de Contacto<\/h3>\n\n\n\n<div class=\"wp-block-columns is-layout-flex wp-container-core-columns-is-layout-9d6595d7 wp-block-columns-is-layout-flex\">\n<div class=\"wp-block-column is-layout-flow wp-block-column-is-layout-flow\">\n<h5 class=\"wp-block-heading has-text-color\" style=\"color:#d3065b\">Tel\u00e9fonos<\/h5>\n\n\n\n<p>+52 (722) 544 3443<br>+52 (56) 3074 7039<\/p>\n<\/div>\n\n\n\n<div class=\"wp-block-column is-layout-flow wp-block-column-is-layout-flow\">\n<h5 class=\"wp-block-heading has-text-color\" style=\"color:#d3065b\">Oficina<\/h5>\n\n\n\n<p>Boulevard de los FCC 420, Azcapotzalco, CP 02660, CDMX, M\u00e9xico.<\/p>\n<\/div>\n<\/div>\n\n\n\n<div class=\"wp-block-columns is-layout-flex wp-container-core-columns-is-layout-9d6595d7 wp-block-columns-is-layout-flex\">\n<div class=\"wp-block-column is-layout-flow wp-block-column-is-layout-flow\">\n<h5 class=\"wp-block-heading has-text-color\" style=\"color:#d3065b\">Email<\/h5>\n\n\n\n<p>contacto@tria.com.mx<\/p>\n<\/div>\n\n\n\n<div class=\"wp-block-column is-layout-flow wp-block-column-is-layout-flow\">\n<h5 class=\"wp-block-heading has-text-color\" style=\"color:#d3065b\">Horario<\/h5>\n\n\n\n<p>Lun a Vier: 8:30AM &#8211; 6:00 PM<\/p>\n<\/div>\n<\/div>\n<\/div>\n<\/div>\n<\/div><\/div>\n\n\n\n<p><\/p>\n","protected":false},"excerpt":{"rendered":"<p>Escr\u00edbenos Para consultas o solicitudes que requieren una respuesta m\u00e1s personalizada, intentaremos responder en las pr\u00f3ximas 48 horas. Si prefiere puede contactarnos v\u00eda telef\u00f3nica para una atenci\u00f3n inmediata. Informaci\u00f3n de Contacto Tel\u00e9fonos +52 (722) 544 3443+52 (56) 3074 7039 Oficina Boulevard de los FCC 420, Azcapotzalco, CP 02660, CDMX, M\u00e9xico. Email contacto@tria.com.mx Horario Lun a &hellip;<\/p>\n<p class=\"read-more\"> <a class=\"\" href=\"https:\/\/tria.com.mx\/?page_id=1819\"> <span class=\"screen-reader-text\">Contacto<\/span> Read More &raquo;<\/a><\/p>\n","protected":false},"author":1,"featured_media":0,"parent":0,"menu_order":0,"comment_status":"closed","ping_status":"closed","template":"","meta":{"om_disable_all_campaigns":false,"_monsterinsights_skip_tracking":false,"_monsterinsights_sitenote_active":false,"_monsterinsights_sitenote_note":"","_monsterinsights_sitenote_category":0,"site-sidebar-layout":"no-sidebar","site-content-layout":"plain-container","ast-main-header-display":"","ast-hfb-above-header-display":"","ast-hfb-below-header-display":"","ast-hfb-mobile-header-display":"","site-post-title":"disabled","ast-breadcrumbs-content":"","ast-featured-img":"disabled","footer-sml-layout":"","theme-transparent-header-meta":"enabled","adv-header-id-meta":"","stick-header-meta":"","header-above-stick-meta":"","header-main-stick-meta":"","header-below-stick-meta":"","footnotes":""},"class_list":["post-1819","page","type-page","status-publish","hentry"],"aioseo_notices":[],"uagb_featured_image_src":{"full":false,"thumbnail":false,"medium":false,"medium_large":false,"large":false,"1536x1536":false,"2048x2048":false},"uagb_author_info":{"display_name":"ronald.pebesm@gmail.com","author_link":"https:\/\/tria.com.mx\/?author=1"},"uagb_comment_info":0,"uagb_excerpt":"Escr\u00edbenos Para consultas o solicitudes que requieren una respuesta m\u00e1s personalizada, intentaremos responder en las pr\u00f3ximas 48 horas. Si prefiere puede contactarnos v\u00eda telef\u00f3nica para una atenci\u00f3n inmediata. Informaci\u00f3n de Contacto Tel\u00e9fonos +52 (722) 544 3443+52 (56) 3074 7039 Oficina Boulevard de los FCC 420, Azcapotzalco, CP 02660, CDMX, M\u00e9xico. Email contacto@tria.com.mx Horario Lun a&hellip;","_links":{"self":[{"href":"https:\/\/tria.com.mx\/index.php?rest_route=\/wp\/v2\/pages\/1819","targetHints":{"allow":["GET"]}}],"collection":[{"href":"https:\/\/tria.com.mx\/index.php?rest_route=\/wp\/v2\/pages"}],"about":[{"href":"https:\/\/tria.com.mx\/index.php?rest_route=\/wp\/v2\/types\/page"}],"author":[{"embeddable":true,"href":"https:\/\/tria.com.mx\/index.php?rest_route=\/wp\/v2\/users\/1"}],"replies":[{"embeddable":true,"href":"https:\/\/tria.com.mx\/index.php?rest_route=%2Fwp%2Fv2%2Fcomments&post=1819"}],"version-history":[{"count":29,"href":"https:\/\/tria.com.mx\/index.php?rest_route=\/wp\/v2\/pages\/1819\/revisions"}],"predecessor-version":[{"id":27023,"href":"https:\/\/tria.com.mx\/index.php?rest_route=\/wp\/v2\/pages\/1819\/revisions\/27023"}],"wp:attachment":[{"href":"https:\/\/tria.com.mx\/index.php?rest_route=%2Fwp%2Fv2%2Fmedia&parent=1819"}],"curies":[{"name":"wp","href":"https:\/\/api.w.org\/{rel}","templated":true}]}}